mainder when 298 is divided by 15.
13
Calculate the remainder when 6846 is divided by 98.
84
Calculate the remainder when 201 is divided by 14.
5
What is the remainder when 1047 is divided by 131?
130
What is the remainder when 774 is divided by 97?
95
Calculate the remainder when 155 is divided by 33.
23
Calculate the remainder when 106 is divided by 43.
20
Calculate the remainder when 344 is divided by 282.
62
What is the remainder when 735 is divided by 123?
120
Calculate the remainder when 2265 is divided by 97.
34
Calculate the remainder when 979 is divided by 118.
35
Calculate the remainder when 1077 is divided by 77.
76
What is the remainder when 225 is divided by 163?
62
Calculate the remainder when 2838 is divided by 2827.
11
What is the remainder when 6452 is divided by 3?
2
Calculate the remainder when 1831 is divided by 27.
22
Calculate the remainder when 68 is divided by 10.
8
What is the remainder when 74 is divided by 13?
9
Calculate the remainder when 21 is divided by 10.
1
Calculate the remainder when 573 is divided by 14.
13
What is the remainder when 113 is divided by 49?
15
Calculate the remainder when 759 is divided by 85.
79
Calculate the remainder when 7101 is divided by 96.
93
What is the remainder when 23 is divided by 6?
5
What is the remainder when 401 is divided by 29?
24
What is the remainder when 10812 is divided by 32?
28
What is the remainder when 68 is divided by 59?
9
What is the remainder when 89 is divided by 6?
5
Calculate the remainder when 1374 is divided by 155.
134
Calculate the remainder when 539 is divided by 36.
35
What is the remainder when 4552 is divided by 99?
97
What is the remainder when 578 is divided by 116?
114
Calculate the remainder when 279 is divided by 62.
31
Calculate the remainder when 230 is divided by 59.
53
Calculate the remainder when 11617 is divided by 14.
11
What is the remainder when 36 is divided by 17?
2
Calculate the remainder when 112 is divided by 39.
34
Calculate the remainder when 389 is divided by 84.
53
What is the remainder when 9436 is divided by 286?
284
What is the remainder when 1036 is divided by 149?
142
What is the remainder when 2209 is divided by 734?
7
What is the remainder when 225 is divided by 35?
15
Calculate the remainder when 508 is divided by 73.
70
What is the remainder when 489 is divided by 14?
13
What is the remainder when 1855 is divided by 618?
1
Calculate the remainder when 244 is divided by 59.
8
Calculate the remainder when 423 is divided by 132.
27
What is the remainder when 51115 is divided by 52?
51
What is the remainder when 154 is divided by 18?
10
Calculate the remainder when 3680 is divided by 14.
12
Calculate the remainder when 267 is divided by 53.
2
Calculate the remainder when 350 is divided by 71.
66
Calculate the remainder when 310 is divided by 2.
0
What is the remainder when 19035 is divided by 29?
11
What is the remainder when 127 is divided by 43?
41
Calculate the remainder when 204 is divided by 48.
12
Calculate the remainder when 44 is divided by 37.
7
Calculate the remainder when 201 is divided by 17.
14
What is the remainder when 499 is divided by 85?
74
Calculate the remainder when 2479 is divided by 80.
79
What is the remainder when 165 is divided by 34?
29
Calculate the remainder when 90 is divided by 7.
6
Calculate the remainder when 1176 is divided by 38.
36
Calculate the remainder when 640 is divided by 12.
4
What is the remainder when 407 is divided by 4?
3
Calculate the remainder when 212 is divided by 10.
2
Calculate the remainder when 214 is divided by 27.
25
What is the remainder when 5837 is divided by 73?
70
What is the remainder when 294 is divided by 15?
9
What is the remainder when 13 is divided by 4?
1
What is the remainder when 2066 is divided by 18?
14
Calculate the remainder when 58 is divided by 7.
2
What is the remainder when 100 is divided by 46?
8
What is the remainder when 1761 is divided by 84?
81
What is the remainder when 100 is divided by 82?
18
What is the remainder when 320 is divided by 46?
44
Calculate the remainder when 408 is divided by 138.
132
Calculate the remainder when 11454 is divided by 32.
30
Calculate the remainder when 1448 is divided by 207.
206
What is the remainder when 84 is divided by 28?
0
Calculate the remainder when 22 is divided by 19.
3
What is the remainder when 2558 is divided by 64?
62
Calculate the remainder when 24 is divided by 3.
0
Calculate the remainder when 710 is divided by 230.
20
What is the remainder when 461 is divided by 19?
5
What is the remainder when 307 is divided by 14?
13
What is the remainder when 161 is divided by 28?
21
Calculate the remainder when 748 is divided by 84.
76
What is the remainder when 77 is divided by 11?
0
Calculate the remainder when 1305 is divided by 326.
1
Calculate the remainder when 34 is divided by 6.
4
What is the remainder when 245 is divided by 41?
40
Calculate the remainder when 12310 is divided by 216.
214
What is the remainder when 387 is divided by 96?
3
Calculate the remainder when 472 is divided by 25.
22
Calculate the remainder when 934 is divided by 72.
70
What is the remainder when 21 is divided by 12?
9
What is the remainder when 167 is divided by 16?
7
Calculate the remainder when 2118 is divided by 53.
51
What is the remainder when 363 is divided by 46?
41
Calculate the remainder when 7438 is divided by 186.
184
Calculate the remainder when 98 is divided by 21.
14
What is the remainder when 485 is divided by 61?
58
What is the remainder when 264 is divided by 83?
15
Calculate the remainder when 1845 is divided by 37.
32
Calculate the remainder when 103 is divided by 52.
51
Calculate the remainder when 64 is divided by 26.
12
Calculate the remainder when 62 is divided by 12.
2
Calculate the remainder when 76 is divided by 62.
14
Calculate the remainder when 121 is divided by 38.
7
Calculate the remainder when 970 is divided by 130.
60
Calculate the remainder when 1203 is divided by 369.
96
What is the remainder when 316 is divided by 46?
40
Calculate the remainder when 8173 is divided by 56.
53
What is the remainder when 221 is divided by 71?
8
What is the remainder when 7458 is divided by 21?
3
What is the remainder when 1156 is divided by 564?
28
Calculate the remainder when 741 is divided by 107.
99
What is the remainder when 2204 is divided by 75?
29
Calculate the remainder when 329 is divided by 165.
164
What is the remainder when 151 is divided by 5?
1
Calculate the remainder when 283 is divided by 159.
124
Calculate the remainder when 203 is divided by 12.
11
Calculate the remainder when 260 is divided by 18.
8
What is the remainder when 840 is divided by 4?
0
What is the remainder when 36700 is divided by 127?
124
What is the remainder when 302 is divided by 72?
14
Calculate the remainder when 3261 is divided by 125.
11
Calculate the remainder when 68 is divided by 36.
32
Calculate the remainder when 215 is divided by 4.
3
What is the remainder when 188 is divided by 118?
70
What is the remainder when 4797 is divided by 40?
37
What is the remainder when 517 is divided by 29?
24
What is the remainder when 266 is divided by 73?
47
What is the remainder when 1493 is divided by 495?
8
Calculate the remainder when 9359 is divided by 151.
148
Calculate the remainder when 153 is divided by 112.
41
What is the remainder when 1140 is divided by 152?
76
Calculate the remainder when 1372 is divided by 456.
4
What is the remainder when 5299 is divided by 100?
99
Calculate the remainder when 85 is divided by 18.
13
Calculate the remainder when 1174 is divided by 263.
122
Calculate the remainder when 4749 is divided by 108.
105
Calculate the remainder when 685 is divided by 665.
20
Calculate the remainder when 2475 is divided by 67.
63
Calculate the remainder when 7496 is divided by 139.
129
Calculate the remainder when 786 is divided by 9.
3
Calculate the remainder when 746 is divided by 151.
142
What is the remainder when 211 is divided by 55?
46
What is the remainder when 87 is divided by 30?
27
What is the remainder when 9450 is divided by 34?
32
Calculate the remainder when 2234 is divided by 1095.
44
Calculate the remainder when 161 is divided by 27.
26
Calculate the remainder when 33 is divided by 9.